{"id":66,"date":"2023-06-05T18:15:26","date_gmt":"2023-06-05T16:15:26","guid":{"rendered":"http:\/\/www.axeltixier.fr\/?page_id=66"},"modified":"2024-09-22T19:39:37","modified_gmt":"2024-09-22T17:39:37","slug":"reza","status":"publish","type":"page","link":"https:\/\/www.axeltixier.fr\/?page_id=66","title":{"rendered":"Reza"},"content":{"rendered":"\n<figure class=\"wp-block-image size-large\"><a href=\"https:\/\/www.axeltixier.fr\/wp-content\/uploads\/2023\/06\/p1.jpg\"><img loading=\"lazy\" decoding=\"async\" width=\"769\" height=\"1024\" src=\"https:\/\/www.axeltixier.fr\/wp-content\/uploads\/2023\/06\/p1-769x1024.jpg\" alt=\"\" class=\"wp-image-67\" srcset=\"https:\/\/www.axeltixier.fr\/wp-content\/uploads\/2023\/06\/p1-769x1024.jpg 769w, https:\/\/www.axeltixier.fr\/wp-content\/uploads\/2023\/06\/p1-225x300.jpg 225w, https:\/\/www.axeltixier.fr\/wp-content\/uploads\/2023\/06\/p1-768x1022.jpg 768w, https:\/\/www.axeltixier.fr\/wp-content\/uploads\/2023\/06\/p1.jpg 830w\" sizes=\"auto, (max-width: 769px) 100vw, 769px\" \/><\/a><\/figure>\n\n\n\n<p>Reza VS Les Dragons<br><br>Une courte histoire du guerrier r\u00e9volutionnaire Reza.<br>Par bienveillance il engage la destruction d\u2019un dragon, symbole d\u2019un ennemi qui le d\u00e9passe.<br><br>Livre auto-\u00e9dit\u00e9 : 37.7 x 28.1 cm<br>R\u00e9alis\u00e9 lors d\u2019une r\u00e9sidence \u00e0 ReUSED \u518d\u9020 \u00e0 Taipei<br>Imprim\u00e9 et fa\u00e7onn\u00e9 par le studio O.OO \u00e0 Taipei<br>Traduction en Mandarin : Ouai Chie Fone<\/p>\n\n\n\n<figure class=\"wp-block-gallery has-nested-images columns-default is-cropped wp-block-gallery-1 is-layout-flex wp-block-gallery-is-layout-flex\">\n<figure class=\"wp-block-image size-large\"><a href=\"https:\/\/www.axeltixier.fr\/wp-content\/uploads\/2023\/06\/13131253_10153538996243045_5186091586539734454_o.jpg\"><img loading=\"lazy\" decoding=\"async\" width=\"1024\" height=\"683\" data-id=\"72\" src=\"https:\/\/www.axeltixier.fr\/wp-content\/uploads\/2023\/06\/13131253_10153538996243045_5186091586539734454_o-1024x683.jpg\" alt=\"\" class=\"wp-image-72\" srcset=\"https:\/\/www.axeltixier.fr\/wp-content\/uploads\/2023\/06\/13131253_10153538996243045_5186091586539734454_o-1024x683.jpg 1024w, https:\/\/www.axeltixier.fr\/wp-content\/uploads\/2023\/06\/13131253_10153538996243045_5186091586539734454_o-300x200.jpg 300w, https:\/\/www.axeltixier.fr\/wp-content\/uploads\/2023\/06\/13131253_10153538996243045_5186091586539734454_o-768x512.jpg 768w, https:\/\/www.axeltixier.fr\/wp-content\/uploads\/2023\/06\/13131253_10153538996243045_5186091586539734454_o-1536x1024.jpg 1536w, https:\/\/www.axeltixier.fr\/wp-content\/uploads\/2023\/06\/13131253_10153538996243045_5186091586539734454_o.jpg 2048w\" sizes=\"auto, (max-width: 1024px) 100vw, 1024px\" \/><\/a><\/figure>\n\n\n\n<figure class=\"wp-block-image size-large\"><a href=\"https:\/\/www.axeltixier.fr\/wp-content\/uploads\/2023\/06\/13131528_10153538996398045_7029591367661404815_o.jpg\"><img loading=\"lazy\" decoding=\"async\" width=\"1024\" height=\"683\" data-id=\"68\" src=\"https:\/\/www.axeltixier.fr\/wp-content\/uploads\/2023\/06\/13131528_10153538996398045_7029591367661404815_o-1024x683.jpg\" alt=\"\" class=\"wp-image-68\" srcset=\"https:\/\/www.axeltixier.fr\/wp-content\/uploads\/2023\/06\/13131528_10153538996398045_7029591367661404815_o-1024x683.jpg 1024w, https:\/\/www.axeltixier.fr\/wp-content\/uploads\/2023\/06\/13131528_10153538996398045_7029591367661404815_o-300x200.jpg 300w, https:\/\/www.axeltixier.fr\/wp-content\/uploads\/2023\/06\/13131528_10153538996398045_7029591367661404815_o-768x512.jpg 768w, https:\/\/www.axeltixier.fr\/wp-content\/uploads\/2023\/06\/13131528_10153538996398045_7029591367661404815_o-1536x1024.jpg 1536w, https:\/\/www.axeltixier.fr\/wp-content\/uploads\/2023\/06\/13131528_10153538996398045_7029591367661404815_o.jpg 2048w\" sizes=\"auto, (max-width: 1024px) 100vw, 1024px\" \/><\/a><\/figure>\n\n\n\n<figure class=\"wp-block-image size-large\"><a href=\"https:\/\/www.axeltixier.fr\/wp-content\/uploads\/2023\/06\/11258863_10153538996248045_1110981549803409284_o.jpg\"><img loading=\"lazy\" decoding=\"async\" width=\"1024\" height=\"683\" data-id=\"71\" src=\"https:\/\/www.axeltixier.fr\/wp-content\/uploads\/2023\/06\/11258863_10153538996248045_1110981549803409284_o-1024x683.jpg\" alt=\"\" class=\"wp-image-71\" srcset=\"https:\/\/www.axeltixier.fr\/wp-content\/uploads\/2023\/06\/11258863_10153538996248045_1110981549803409284_o-1024x683.jpg 1024w, https:\/\/www.axeltixier.fr\/wp-content\/uploads\/2023\/06\/11258863_10153538996248045_1110981549803409284_o-300x200.jpg 300w, https:\/\/www.axeltixier.fr\/wp-content\/uploads\/2023\/06\/11258863_10153538996248045_1110981549803409284_o-768x512.jpg 768w, https:\/\/www.axeltixier.fr\/wp-content\/uploads\/2023\/06\/11258863_10153538996248045_1110981549803409284_o-1536x1024.jpg 1536w, https:\/\/www.axeltixier.fr\/wp-content\/uploads\/2023\/06\/11258863_10153538996248045_1110981549803409284_o.jpg 2048w\" sizes=\"auto, (max-width: 1024px) 100vw, 1024px\" \/><\/a><\/figure>\n\n\n\n<figure class=\"wp-block-image size-large\"><a href=\"https:\/\/www.axeltixier.fr\/wp-content\/uploads\/2023\/06\/13115991_10153538996403045_2131157959357425233_o.jpg\"><img loading=\"lazy\" decoding=\"async\" width=\"1024\" height=\"683\" data-id=\"69\" src=\"https:\/\/www.axeltixier.fr\/wp-content\/uploads\/2023\/06\/13115991_10153538996403045_2131157959357425233_o-1024x683.jpg\" alt=\"\" class=\"wp-image-69\" srcset=\"https:\/\/www.axeltixier.fr\/wp-content\/uploads\/2023\/06\/13115991_10153538996403045_2131157959357425233_o-1024x683.jpg 1024w, https:\/\/www.axeltixier.fr\/wp-content\/uploads\/2023\/06\/13115991_10153538996403045_2131157959357425233_o-300x200.jpg 300w, https:\/\/www.axeltixier.fr\/wp-content\/uploads\/2023\/06\/13115991_10153538996403045_2131157959357425233_o-768x512.jpg 768w, https:\/\/www.axeltixier.fr\/wp-content\/uploads\/2023\/06\/13115991_10153538996403045_2131157959357425233_o-1536x1024.jpg 1536w, https:\/\/www.axeltixier.fr\/wp-content\/uploads\/2023\/06\/13115991_10153538996403045_2131157959357425233_o.jpg 2048w\" sizes=\"auto, (max-width: 1024px) 100vw, 1024px\" \/><\/a><\/figure>\n\n\n\n<figure class=\"wp-block-image size-large\"><a href=\"https:\/\/www.axeltixier.fr\/wp-content\/uploads\/2023\/06\/13072734_10153538996238045_6877281509030242985_o.jpg\"><img loading=\"lazy\" decoding=\"async\" width=\"1024\" height=\"683\" data-id=\"70\" src=\"https:\/\/www.axeltixier.fr\/wp-content\/uploads\/2023\/06\/13072734_10153538996238045_6877281509030242985_o-1024x683.jpg\" alt=\"\" class=\"wp-image-70\" srcset=\"https:\/\/www.axeltixier.fr\/wp-content\/uploads\/2023\/06\/13072734_10153538996238045_6877281509030242985_o-1024x683.jpg 1024w, https:\/\/www.axeltixier.fr\/wp-content\/uploads\/2023\/06\/13072734_10153538996238045_6877281509030242985_o-300x200.jpg 300w, https:\/\/www.axeltixier.fr\/wp-content\/uploads\/2023\/06\/13072734_10153538996238045_6877281509030242985_o-768x512.jpg 768w, https:\/\/www.axeltixier.fr\/wp-content\/uploads\/2023\/06\/13072734_10153538996238045_6877281509030242985_o-1536x1024.jpg 1536w, https:\/\/www.axeltixier.fr\/wp-content\/uploads\/2023\/06\/13072734_10153538996238045_6877281509030242985_o.jpg 2048w\" sizes=\"auto, (max-width: 1024px) 100vw, 1024px\" \/><\/a><\/figure>\n<\/figure>\n","protected":false},"excerpt":{"rendered":"<p>Reza VS Les Dragons Une courte histoire du guerrier r\u00e9volutionnaire Reza.Par bienveillance il engage la destruction d\u2019un dragon, symbole d\u2019un ennemi qui le d\u00e9passe. Livre auto-\u00e9dit\u00e9 : 37.7 x 28.1 cmR\u00e9alis\u00e9 lors d\u2019une r\u00e9sidence \u00e0 ReUSED \u518d\u9020 \u00e0 TaipeiImprim\u00e9 et fa\u00e7onn\u00e9 par le studio O.OO \u00e0 TaipeiTraduction en Mandarin : Ouai Chie Fone<\/p>\n","protected":false},"author":1,"featured_media":0,"parent":0,"menu_order":0,"comment_status":"closed","ping_status":"closed","template":"","meta":{"footnotes":""},"class_list":["post-66","page","type-page","status-publish","hentry"],"_links":{"self":[{"href":"https:\/\/www.axeltixier.fr\/index.php?rest_route=\/wp\/v2\/pages\/66","targetHints":{"allow":["GET"]}}],"collection":[{"href":"https:\/\/www.axeltixier.fr\/index.php?rest_route=\/wp\/v2\/pages"}],"about":[{"href":"https:\/\/www.axeltixier.fr\/index.php?rest_route=\/wp\/v2\/types\/page"}],"author":[{"embeddable":true,"href":"https:\/\/www.axeltixier.fr\/index.php?rest_route=\/wp\/v2\/users\/1"}],"replies":[{"embeddable":true,"href":"https:\/\/www.axeltixier.fr\/index.php?rest_route=%2Fwp%2Fv2%2Fcomments&post=66"}],"version-history":[{"count":2,"href":"https:\/\/www.axeltixier.fr\/index.php?rest_route=\/wp\/v2\/pages\/66\/revisions"}],"predecessor-version":[{"id":100,"href":"https:\/\/www.axeltixier.fr\/index.php?rest_route=\/wp\/v2\/pages\/66\/revisions\/100"}],"wp:attachment":[{"href":"https:\/\/www.axeltixier.fr\/index.php?rest_route=%2Fwp%2Fv2%2Fmedia&parent=66"}],"curies":[{"name":"wp","href":"https:\/\/api.w.org\/{rel}","templated":true}]}}