{"id":78,"date":"2023-06-05T19:32:58","date_gmt":"2023-06-05T17:32:58","guid":{"rendered":"http:\/\/www.axeltixier.fr\/?page_id=78"},"modified":"2024-09-22T19:35:33","modified_gmt":"2024-09-22T17:35:33","slug":"a-propos","status":"publish","type":"page","link":"https:\/\/www.axeltixier.fr\/?page_id=78","title":{"rendered":"\u00e0 propos"},"content":{"rendered":"\n<p>Depuis 2010 j&rsquo;\u00e9volue comme dessinateur, mon travail se concentre sur la perception des choses, de leur mati\u00e8res. Celles-ci que j&rsquo;utilise pour rentrer en contact avec les sens du lecteur.<\/p>\n\n\n\n<p>Les mat\u00e9riaux vid\u00e9o, min\u00e9raux, les techniques de danse et de ma\u00e7onnerie produisent des effets esth\u00e9tiques qui me servent de vocabulaire pour cr\u00e9er ce contact particulier avec les sens. Inspir\u00e9 par la pens\u00e9e traditionnelle chinoise, et les id\u00e9es qui visent \u00e0 parler autrement qu&rsquo;avec le langage commun, j&rsquo;applique des principes qui vont \u00e9veiller des sentiments particuliers chez le lecteur. En ce sens je produis de la bande-dessin\u00e9e que je souhaite lire comme de la po\u00e9sie.<\/p>\n\n\n\n<p>Axel Tixier<br>axeltixier (arobase) hotmail (point) com<br>+33687592747<\/p>\n\n\n\n<p>Mentions L\u00e9gales<\/p>\n\n\n\n<p>Ce site est un portfolio pr\u00e9sentant mes travaux.<br>Ainsi son contenu m&rsquo;appartient, et ne peut \u00eatre utilis\u00e9 sans mon autorisation.<br>Je vous invite \u00e0 me contacter pour toute demande.<\/p>\n\n\n\n<p>Ce site est h\u00e9berg\u00e9 chez OVHcloud<br>OVH SAS, <br>2 rue Kellermann &#8211; 59100 Roubaix &#8211; France<\/p>\n","protected":false},"excerpt":{"rendered":"<p>Depuis 2010 j&rsquo;\u00e9volue comme dessinateur, mon travail se concentre sur la perception des choses, de leur mati\u00e8res. Celles-ci que j&rsquo;utilise pour rentrer en contact avec les sens du lecteur. Les mat\u00e9riaux vid\u00e9o, min\u00e9raux, les techniques de danse et de ma\u00e7onnerie produisent des effets esth\u00e9tiques qui me servent de vocabulaire pour cr\u00e9er ce contact particulier avec [&hellip;]<\/p>\n","protected":false},"author":1,"featured_media":0,"parent":0,"menu_order":0,"comment_status":"closed","ping_status":"closed","template":"","meta":{"footnotes":""},"class_list":["post-78","page","type-page","status-publish","hentry"],"_links":{"self":[{"href":"https:\/\/www.axeltixier.fr\/index.php?rest_route=\/wp\/v2\/pages\/78","targetHints":{"allow":["GET"]}}],"collection":[{"href":"https:\/\/www.axeltixier.fr\/index.php?rest_route=\/wp\/v2\/pages"}],"about":[{"href":"https:\/\/www.axeltixier.fr\/index.php?rest_route=\/wp\/v2\/types\/page"}],"author":[{"embeddable":true,"href":"https:\/\/www.axeltixier.fr\/index.php?rest_route=\/wp\/v2\/users\/1"}],"replies":[{"embeddable":true,"href":"https:\/\/www.axeltixier.fr\/index.php?rest_route=%2Fwp%2Fv2%2Fcomments&post=78"}],"version-history":[{"count":4,"href":"https:\/\/www.axeltixier.fr\/index.php?rest_route=\/wp\/v2\/pages\/78\/revisions"}],"predecessor-version":[{"id":97,"href":"https:\/\/www.axeltixier.fr\/index.php?rest_route=\/wp\/v2\/pages\/78\/revisions\/97"}],"wp:attachment":[{"href":"https:\/\/www.axeltixier.fr\/index.php?rest_route=%2Fwp%2Fv2%2Fmedia&parent=78"}],"curies":[{"name":"wp","href":"https:\/\/api.w.org\/{rel}","templated":true}]}}